{"id":1056,"date":"2023-03-27T19:13:57","date_gmt":"2023-03-27T19:13:57","guid":{"rendered":"https:\/\/hautklarbysarah.de\/?page_id=1056"},"modified":"2023-03-27T19:50:06","modified_gmt":"2023-03-27T19:50:06","slug":"ueber-sarah","status":"publish","type":"page","link":"https:\/\/hautklarbysarah.de\/?page_id=1056","title":{"rendered":"\u00dcber Sarah"},"content":{"rendered":"\t\t<div data-elementor-type=\"wp-page\" data-elementor-id=\"1056\" class=\"elementor elementor-1056\" data-elementor-post-type=\"page\">\n\t\t\t\t\t\t<section class=\"elementor-section elementor-top-section elementor-element elementor-element-d3787e6 elementor-section-boxed elementor-section-height-default elementor-section-height-default\" data-id=\"d3787e6\" data-element_type=\"section\" data-e-type=\"section\">\n\t\t\t\t\t\t<div class=\"elementor-container elementor-column-gap-default\">\n\t\t\t\t\t<div class=\"elementor-column elementor-col-100 elementor-top-column elementor-element elementor-element-49721cd\" data-id=\"49721cd\" data-element_type=\"column\" data-e-type=\"column\">\n\t\t\t<div class=\"elementor-widget-wrap elementor-element-populated\">\n\t\t\t\t\t\t<section class=\"elementor-section elementor-inner-section elementor-element elementor-element-62b028e elementor-section-boxed elementor-section-height-default elementor-section-height-default\" data-id=\"62b028e\" data-element_type=\"section\" data-e-type=\"section\">\n\t\t\t\t\t\t<div class=\"elementor-container elementor-column-gap-default\">\n\t\t\t\t\t<div class=\"elementor-column elementor-col-50 elementor-inner-column elementor-element elementor-element-9cd9c68\" data-id=\"9cd9c68\" data-element_type=\"column\" data-e-type=\"column\">\n\t\t\t<div class=\"elementor-widget-wrap\">\n\t\t\t\t\t\t\t<\/div>\n\t\t<\/div>\n\t\t\t\t<div class=\"elementor-column elementor-col-50 elementor-inner-column elementor-element elementor-element-308c496\" data-id=\"308c496\" data-element_type=\"column\" data-e-type=\"column\">\n\t\t\t<div class=\"elementor-widget-wrap\">\n\t\t\t\t\t\t\t<\/div>\n\t\t<\/div>\n\t\t\t\t\t<\/div>\n\t\t<\/section>\n\t\t\t\t<div class=\"elementor-element elementor-element-1479431 elementor-widget elementor-widget-image\" data-id=\"1479431\" data-element_type=\"widget\" data-e-type=\"widget\" data-widget_type=\"image.default\">\n\t\t\t\t<div class=\"elementor-widget-container\">\n\t\t\t\t\t\t\t\t\t\t\t\t\t\t\t\t<a href=\"https:\/\/hautklarbysarah.de\/\">\n\t\t\t\t\t\t\t<img decoding=\"async\" width=\"300\" height=\"100\" src=\"https:\/\/hautklarbysarah.de\/wp-content\/uploads\/2022\/11\/Logo-Hautklar-300x100.png\" class=\"attachment-medium size-medium wp-image-424\" alt=\"\" srcset=\"https:\/\/hautklarbysarah.de\/wp-content\/uploads\/2022\/11\/Logo-Hautklar-300x100.png 300w, https:\/\/hautklarbysarah.de\/wp-content\/uploads\/2022\/11\/Logo-Hautklar.png 384w\" sizes=\"(max-width: 300px) 100vw, 300px\" \/>\t\t\t\t\t\t\t\t<\/a>\n\t\t\t\t\t\t\t\t\t\t\t\t\t\t\t<\/div>\n\t\t\t\t<\/div>\n\t\t\t\t\t<\/div>\n\t\t<\/div>\n\t\t\t\t\t<\/div>\n\t\t<\/section>\n\t\t\t\t<section class=\"elementor-section elementor-top-section elementor-element elementor-element-179646d elementor-section-boxed elementor-section-height-default elementor-section-height-default\" data-id=\"179646d\" data-element_type=\"section\" data-e-type=\"section\">\n\t\t\t\t\t\t<div class=\"elementor-container elementor-column-gap-default\">\n\t\t\t\t\t<div class=\"elementor-column elementor-col-100 elementor-top-column elementor-element elementor-element-58eb28e\" data-id=\"58eb28e\" data-element_type=\"column\" data-e-type=\"column\">\n\t\t\t<div class=\"elementor-widget-wrap elementor-element-populated\">\n\t\t\t\t\t\t<section class=\"elementor-section elementor-inner-section elementor-element elementor-element-7eabb32 elementor-section-boxed elementor-section-height-default elementor-section-height-default\" data-id=\"7eabb32\" data-element_type=\"section\" data-e-type=\"section\">\n\t\t\t\t\t\t<div class=\"elementor-container elementor-column-gap-default\">\n\t\t\t\t\t<div class=\"elementor-column elementor-col-50 elementor-inner-column elementor-element elementor-element-3d230e2\" data-id=\"3d230e2\" data-element_type=\"column\" data-e-type=\"column\">\n\t\t\t<div class=\"elementor-widget-wrap elementor-element-populated\">\n\t\t\t\t\t\t<div class=\"elementor-element elementor-element-b02cbde elementor-position-top elementor-widget elementor-widget-image-box\" data-id=\"b02cbde\" data-element_type=\"widget\" data-e-type=\"widget\" data-widget_type=\"image-box.default\">\n\t\t\t\t<div class=\"elementor-widget-container\">\n\t\t\t\t\t<div class=\"elementor-image-box-wrapper\"><figure class=\"elementor-image-box-img\"><img fetchpriority=\"high\" decoding=\"async\" width=\"200\" height=\"300\" src=\"https:\/\/hautklarbysarah.de\/wp-content\/uploads\/2022\/12\/Sarah-Scholtyssek-200x300.jpg\" class=\"elementor-animation-grow attachment-medium size-medium wp-image-602\" alt=\"\" srcset=\"https:\/\/hautklarbysarah.de\/wp-content\/uploads\/2022\/12\/Sarah-Scholtyssek-200x300.jpg 200w, https:\/\/hautklarbysarah.de\/wp-content\/uploads\/2022\/12\/Sarah-Scholtyssek-683x1024.jpg 683w, https:\/\/hautklarbysarah.de\/wp-content\/uploads\/2022\/12\/Sarah-Scholtyssek-768x1152.jpg 768w, https:\/\/hautklarbysarah.de\/wp-content\/uploads\/2022\/12\/Sarah-Scholtyssek-1024x1536.jpg 1024w, https:\/\/hautklarbysarah.de\/wp-content\/uploads\/2022\/12\/Sarah-Scholtyssek-1365x2048.jpg 1365w, https:\/\/hautklarbysarah.de\/wp-content\/uploads\/2022\/12\/Sarah-Scholtyssek-scaled.jpg 1707w\" sizes=\"(max-width: 200px) 100vw, 200px\" \/><\/figure><div class=\"elementor-image-box-content\"><h3 class=\"elementor-image-box-title\">Sarah Scholtyssek             <\/h3><\/div><\/div>\t\t\t\t<\/div>\n\t\t\t\t<\/div>\n\t\t\t\t\t<\/div>\n\t\t<\/div>\n\t\t\t\t<div class=\"elementor-column elementor-col-50 elementor-inner-column elementor-element elementor-element-8206bc3\" data-id=\"8206bc3\" data-element_type=\"column\" data-e-type=\"column\">\n\t\t\t<div class=\"elementor-widget-wrap elementor-element-populated\">\n\t\t\t\t\t\t<div class=\"elementor-element elementor-element-a2beaea elementor-widget elementor-widget-text-editor\" data-id=\"a2beaea\" data-element_type=\"widget\" data-e-type=\"widget\" data-widget_type=\"text-editor.default\">\n\t\t\t\t<div class=\"elementor-widget-container\">\n\t\t\t\t\t\t\t\t\t<p>Hallo, ich bin Sarah, eine staatlich anerkannte Kosmetikerin mit umfangreicher Erfahrung in Gesichtsbehandlungen. <br \/>Meine Spezialit\u00e4ten sind Anti-Aging-Behandlungen und die Behandlung von Couperose. <br \/>Ich habe eine tiefe Leidenschaft f\u00fcr die Arbeit mit Hautpflegeprodukten und -technologien, die Ihnen helfen k\u00f6nnen, Ihre Haut gesund, strahlend und jugendlich aussehen zu lassen.<\/p><p>Mein Ziel ist es, jedem Kunden eine einzigartige und individuelle Behandlung zu bieten, die auf seine spezifischen Bed\u00fcrfnisse abgestimmt ist. Ich nehme mir immer Zeit, um Ihre Haut sorgf\u00e4ltig zu analysieren und Ihnen dann eine ma\u00dfgeschneiderte Behandlung zu empfehlen, die Ihre Hautprobleme effektiv angeht.<\/p><p>Wenn Sie Fragen haben oder einen Termin vereinbaren m\u00f6chten, stehe ich Ihnen gerne zur Verf\u00fcgung.<\/p>\t\t\t\t\t\t\t\t<\/div>\n\t\t\t\t<\/div>\n\t\t\t\t\t<\/div>\n\t\t<\/div>\n\t\t\t\t\t<\/div>\n\t\t<\/section>\n\t\t\t\t\t<\/div>\n\t\t<\/div>\n\t\t\t\t\t<\/div>\n\t\t<\/section>\n\t\t\t\t<\/div>\n\t\t","protected":false},"excerpt":{"rendered":"<p>Sarah Scholtyssek Hallo, ich bin Sarah, eine staatlich anerkannte Kosmetikerin mit umfangreicher Erfahrung in Gesichtsbehandlungen. Meine Spezialit\u00e4ten sind Anti-Aging-Behandlungen und die Behandlung von Couperose. Ich habe eine tiefe Leidenschaft f\u00fcr die Arbeit mit Hautpflegeprodukten und -technologien, die Ihnen helfen k\u00f6nnen, Ihre Haut gesund, strahlend und jugendlich aussehen zu lassen. Mein Ziel ist es, jedem Kunden [&hellip;]<\/p>\n","protected":false},"author":3,"featured_media":0,"parent":0,"menu_order":0,"comment_status":"closed","ping_status":"closed","template":"elementor_canvas","meta":{"footnotes":""},"class_list":["post-1056","page","type-page","status-publish","hentry"],"yoast_head":"<!-- This site is optimized with the Yoast SEO plugin v27.5 - https:\/\/yoast.com\/product\/yoast-seo-wordpress\/ -->\n<title>\u00dcber Sarah - Hautklar by Sarah<\/title>\n<meta name=\"robots\" content=\"index, follow, max-snippet:-1, max-image-preview:large, max-video-preview:-1\" \/>\n<link rel=\"canonical\" href=\"https:\/\/hautklarbysarah.de\/?page_id=1056\" \/>\n<meta property=\"og:locale\" content=\"de_DE\" \/>\n<meta property=\"og:type\" content=\"article\" \/>\n<meta property=\"og:title\" content=\"\u00dcber Sarah - Hautklar by Sarah\" \/>\n<meta property=\"og:description\" content=\"Sarah Scholtyssek Hallo, ich bin Sarah, eine staatlich anerkannte Kosmetikerin mit umfangreicher Erfahrung in Gesichtsbehandlungen. Meine Spezialit\u00e4ten sind Anti-Aging-Behandlungen und die Behandlung von Couperose. Ich habe eine tiefe Leidenschaft f\u00fcr die Arbeit mit Hautpflegeprodukten und -technologien, die Ihnen helfen k\u00f6nnen, Ihre Haut gesund, strahlend und jugendlich aussehen zu lassen. Mein Ziel ist es, jedem Kunden [&hellip;]\" \/>\n<meta property=\"og:url\" content=\"https:\/\/hautklarbysarah.de\/?page_id=1056\" \/>\n<meta property=\"og:site_name\" content=\"Hautklar by Sarah\" \/>\n<meta property=\"article:modified_time\" content=\"2023-03-27T19:50:06+00:00\" \/>\n<meta property=\"og:image\" content=\"https:\/\/hautklarbysarah.de\/wp-content\/uploads\/2022\/11\/Logo-Hautklar-300x100.png\" \/>\n<meta name=\"twitter:card\" content=\"summary_large_image\" \/>\n<meta name=\"twitter:label1\" content=\"Gesch\u00e4tzte Lesezeit\" \/>\n\t<meta name=\"twitter:data1\" content=\"2\u00a0Minuten\" \/>\n<script type=\"application\/ld+json\" class=\"yoast-schema-graph\">{\"@context\":\"https:\\\/\\\/schema.org\",\"@graph\":[{\"@type\":\"WebPage\",\"@id\":\"https:\\\/\\\/hautklarbysarah.de\\\/?page_id=1056\",\"url\":\"https:\\\/\\\/hautklarbysarah.de\\\/?page_id=1056\",\"name\":\"\u00dcber Sarah - Hautklar by Sarah\",\"isPartOf\":{\"@id\":\"https:\\\/\\\/hautklarbysarah.de\\\/#website\"},\"primaryImageOfPage\":{\"@id\":\"https:\\\/\\\/hautklarbysarah.de\\\/?page_id=1056#primaryimage\"},\"image\":{\"@id\":\"https:\\\/\\\/hautklarbysarah.de\\\/?page_id=1056#primaryimage\"},\"thumbnailUrl\":\"https:\\\/\\\/hautklarbysarah.de\\\/wp-content\\\/uploads\\\/2022\\\/11\\\/Logo-Hautklar-300x100.png\",\"datePublished\":\"2023-03-27T19:13:57+00:00\",\"dateModified\":\"2023-03-27T19:50:06+00:00\",\"breadcrumb\":{\"@id\":\"https:\\\/\\\/hautklarbysarah.de\\\/?page_id=1056#breadcrumb\"},\"inLanguage\":\"de\",\"potentialAction\":[{\"@type\":\"ReadAction\",\"target\":[\"https:\\\/\\\/hautklarbysarah.de\\\/?page_id=1056\"]}]},{\"@type\":\"ImageObject\",\"inLanguage\":\"de\",\"@id\":\"https:\\\/\\\/hautklarbysarah.de\\\/?page_id=1056#primaryimage\",\"url\":\"https:\\\/\\\/hautklarbysarah.de\\\/wp-content\\\/uploads\\\/2022\\\/11\\\/Logo-Hautklar.png\",\"contentUrl\":\"https:\\\/\\\/hautklarbysarah.de\\\/wp-content\\\/uploads\\\/2022\\\/11\\\/Logo-Hautklar.png\",\"width\":384,\"height\":128},{\"@type\":\"BreadcrumbList\",\"@id\":\"https:\\\/\\\/hautklarbysarah.de\\\/?page_id=1056#breadcrumb\",\"itemListElement\":[{\"@type\":\"ListItem\",\"position\":1,\"name\":\"Startseite\",\"item\":\"https:\\\/\\\/hautklarbysarah.de\\\/\"},{\"@type\":\"ListItem\",\"position\":2,\"name\":\"\u00dcber Sarah\"}]},{\"@type\":\"WebSite\",\"@id\":\"https:\\\/\\\/hautklarbysarah.de\\\/#website\",\"url\":\"https:\\\/\\\/hautklarbysarah.de\\\/\",\"name\":\"Hautklar by Sarah\",\"description\":\"Kosmetik in Dreieich\",\"potentialAction\":[{\"@type\":\"SearchAction\",\"target\":{\"@type\":\"EntryPoint\",\"urlTemplate\":\"https:\\\/\\\/hautklarbysarah.de\\\/?s={search_term_string}\"},\"query-input\":{\"@type\":\"PropertyValueSpecification\",\"valueRequired\":true,\"valueName\":\"search_term_string\"}}],\"inLanguage\":\"de\"}]}<\/script>\n<!-- \/ Yoast SEO plugin. -->","yoast_head_json":{"title":"\u00dcber Sarah - Hautklar by Sarah","robots":{"index":"index","follow":"follow","max-snippet":"max-snippet:-1","max-image-preview":"max-image-preview:large","max-video-preview":"max-video-preview:-1"},"canonical":"https:\/\/hautklarbysarah.de\/?page_id=1056","og_locale":"de_DE","og_type":"article","og_title":"\u00dcber Sarah - Hautklar by Sarah","og_description":"Sarah Scholtyssek Hallo, ich bin Sarah, eine staatlich anerkannte Kosmetikerin mit umfangreicher Erfahrung in Gesichtsbehandlungen. Meine Spezialit\u00e4ten sind Anti-Aging-Behandlungen und die Behandlung von Couperose. Ich habe eine tiefe Leidenschaft f\u00fcr die Arbeit mit Hautpflegeprodukten und -technologien, die Ihnen helfen k\u00f6nnen, Ihre Haut gesund, strahlend und jugendlich aussehen zu lassen. Mein Ziel ist es, jedem Kunden [&hellip;]","og_url":"https:\/\/hautklarbysarah.de\/?page_id=1056","og_site_name":"Hautklar by Sarah","article_modified_time":"2023-03-27T19:50:06+00:00","og_image":[{"url":"https:\/\/hautklarbysarah.de\/wp-content\/uploads\/2022\/11\/Logo-Hautklar-300x100.png","type":"","width":"","height":""}],"twitter_card":"summary_large_image","twitter_misc":{"Gesch\u00e4tzte Lesezeit":"2\u00a0Minuten"},"schema":{"@context":"https:\/\/schema.org","@graph":[{"@type":"WebPage","@id":"https:\/\/hautklarbysarah.de\/?page_id=1056","url":"https:\/\/hautklarbysarah.de\/?page_id=1056","name":"\u00dcber Sarah - Hautklar by Sarah","isPartOf":{"@id":"https:\/\/hautklarbysarah.de\/#website"},"primaryImageOfPage":{"@id":"https:\/\/hautklarbysarah.de\/?page_id=1056#primaryimage"},"image":{"@id":"https:\/\/hautklarbysarah.de\/?page_id=1056#primaryimage"},"thumbnailUrl":"https:\/\/hautklarbysarah.de\/wp-content\/uploads\/2022\/11\/Logo-Hautklar-300x100.png","datePublished":"2023-03-27T19:13:57+00:00","dateModified":"2023-03-27T19:50:06+00:00","breadcrumb":{"@id":"https:\/\/hautklarbysarah.de\/?page_id=1056#breadcrumb"},"inLanguage":"de","potentialAction":[{"@type":"ReadAction","target":["https:\/\/hautklarbysarah.de\/?page_id=1056"]}]},{"@type":"ImageObject","inLanguage":"de","@id":"https:\/\/hautklarbysarah.de\/?page_id=1056#primaryimage","url":"https:\/\/hautklarbysarah.de\/wp-content\/uploads\/2022\/11\/Logo-Hautklar.png","contentUrl":"https:\/\/hautklarbysarah.de\/wp-content\/uploads\/2022\/11\/Logo-Hautklar.png","width":384,"height":128},{"@type":"BreadcrumbList","@id":"https:\/\/hautklarbysarah.de\/?page_id=1056#breadcrumb","itemListElement":[{"@type":"ListItem","position":1,"name":"Startseite","item":"https:\/\/hautklarbysarah.de\/"},{"@type":"ListItem","position":2,"name":"\u00dcber Sarah"}]},{"@type":"WebSite","@id":"https:\/\/hautklarbysarah.de\/#website","url":"https:\/\/hautklarbysarah.de\/","name":"Hautklar by Sarah","description":"Kosmetik in Dreieich","potentialAction":[{"@type":"SearchAction","target":{"@type":"EntryPoint","urlTemplate":"https:\/\/hautklarbysarah.de\/?s={search_term_string}"},"query-input":{"@type":"PropertyValueSpecification","valueRequired":true,"valueName":"search_term_string"}}],"inLanguage":"de"}]}},"_links":{"self":[{"href":"https:\/\/hautklarbysarah.de\/index.php?rest_route=\/wp\/v2\/pages\/1056","targetHints":{"allow":["GET"]}}],"collection":[{"href":"https:\/\/hautklarbysarah.de\/index.php?rest_route=\/wp\/v2\/pages"}],"about":[{"href":"https:\/\/hautklarbysarah.de\/index.php?rest_route=\/wp\/v2\/types\/page"}],"author":[{"embeddable":true,"href":"https:\/\/hautklarbysarah.de\/index.php?rest_route=\/wp\/v2\/users\/3"}],"replies":[{"embeddable":true,"href":"https:\/\/hautklarbysarah.de\/index.php?rest_route=%2Fwp%2Fv2%2Fcomments&post=1056"}],"version-history":[{"count":18,"href":"https:\/\/hautklarbysarah.de\/index.php?rest_route=\/wp\/v2\/pages\/1056\/revisions"}],"predecessor-version":[{"id":1103,"href":"https:\/\/hautklarbysarah.de\/index.php?rest_route=\/wp\/v2\/pages\/1056\/revisions\/1103"}],"wp:attachment":[{"href":"https:\/\/hautklarbysarah.de\/index.php?rest_route=%2Fwp%2Fv2%2Fmedia&parent=1056"}],"curies":[{"name":"wp","href":"https:\/\/api.w.org\/{rel}","templated":true}]}}