{"id":760,"date":"2022-12-07T16:54:29","date_gmt":"2022-12-07T16:54:29","guid":{"rendered":"https:\/\/hautklarbysarah.de\/?page_id=760"},"modified":"2025-02-13T21:22:08","modified_gmt":"2025-02-13T21:22:08","slug":"impressum","status":"publish","type":"page","link":"https:\/\/hautklarbysarah.de\/?page_id=760","title":{"rendered":"Impressum"},"content":{"rendered":"\t\t<div data-elementor-type=\"wp-page\" data-elementor-id=\"760\" class=\"elementor elementor-760\" data-elementor-post-type=\"page\">\n\t\t\t\t\t\t<section class=\"elementor-section elementor-top-section elementor-element elementor-element-aca3442 elementor-section-height-full elementor-section-boxed elementor-section-height-default elementor-section-items-middle\" data-id=\"aca3442\" data-element_type=\"section\" data-e-type=\"section\" data-settings=\"{&quot;background_background&quot;:&quot;classic&quot;}\">\n\t\t\t\t\t\t\t<div class=\"elementor-background-overlay\"><\/div>\n\t\t\t\t\t\t\t<div class=\"elementor-container elementor-column-gap-default\">\n\t\t\t\t\t<div class=\"elementor-column elementor-col-100 elementor-top-column elementor-element elementor-element-1301db95\" data-id=\"1301db95\" data-element_type=\"column\" data-e-type=\"column\">\n\t\t\t<div class=\"elementor-widget-wrap elementor-element-populated\">\n\t\t\t\t\t\t<div class=\"elementor-element elementor-element-6958b92c elementor-widget elementor-widget-heading\" data-id=\"6958b92c\" data-element_type=\"widget\" data-e-type=\"widget\" data-widget_type=\"heading.default\">\n\t\t\t\t<div class=\"elementor-widget-container\">\n\t\t\t\t\t<h3 class=\"elementor-heading-title elementor-size-default\">Impressum<\/h3>\t\t\t\t<\/div>\n\t\t\t\t<\/div>\n\t\t\t\t<section class=\"elementor-section elementor-inner-section elementor-element elementor-element-4f0666c1 elementor-section-full_width elementor-section-height-default elementor-section-height-default\" data-id=\"4f0666c1\" data-element_type=\"section\" data-e-type=\"section\">\n\t\t\t\t\t\t<div class=\"elementor-container elementor-column-gap-no\">\n\t\t\t\t\t<div class=\"elementor-column elementor-col-100 elementor-inner-column elementor-element elementor-element-1f28be7a\" data-id=\"1f28be7a\" data-element_type=\"column\" data-e-type=\"column\">\n\t\t\t<div class=\"elementor-widget-wrap elementor-element-populated\">\n\t\t\t\t\t\t<div class=\"elementor-element elementor-element-371f7742 elementor-widget elementor-widget-text-editor\" data-id=\"371f7742\" data-element_type=\"widget\" data-e-type=\"widget\" data-widget_type=\"text-editor.default\">\n\t\t\t\t<div class=\"elementor-widget-container\">\n\t\t\t\t\t\t\t\t\t<p>Angaben gem\u00e4\u00df \u00a7 5 TMG:<\/p><p><strong>Hautklar by Sarah<\/strong><br \/>Sarah Scholtyssek<br \/>Eisenbahnstra\u00dfe 127<br \/>63303 Dreieich<\/p><p><strong>Umsatzsteuer-Identifikationsnummer gem\u00e4\u00df \u00a727 a Umsatzsteuergesetz<\/strong><br \/>DE 32 981 6952<\/p><p><strong>Verantwortlich f\u00fcr den Inhalt nach \u00a7 55 Abs. 2 RStV<\/strong><br \/>Sarah Scholtyssek<\/p><p><strong>Quellenangaben f\u00fcr die verwendeten Bilder und Grafiken<\/strong><br \/>iStock und Sarah Scholtyssek\u00a0<\/p>\t\t\t\t\t\t\t\t<\/div>\n\t\t\t\t<\/div>\n\t\t\t\t\t<\/div>\n\t\t<\/div>\n\t\t\t\t\t<\/div>\n\t\t<\/section>\n\t\t\t\t\t<\/div>\n\t\t<\/div>\n\t\t\t\t\t<\/div>\n\t\t<\/section>\n\t\t\t\t<\/div>\n\t\t","protected":false},"excerpt":{"rendered":"<p>Impressum Angaben gem\u00e4\u00df \u00a7 5 TMG: Hautklar by SarahSarah ScholtyssekEisenbahnstra\u00dfe 12763303 Dreieich Umsatzsteuer-Identifikationsnummer gem\u00e4\u00df \u00a727 a UmsatzsteuergesetzDE 32 981 6952 Verantwortlich f\u00fcr den Inhalt nach \u00a7 55 Abs. 2 RStVSarah Scholtyssek Quellenangaben f\u00fcr die verwendeten Bilder und GrafikeniStock und Sarah Scholtyssek\u00a0<\/p>\n","protected":false},"author":1,"featured_media":0,"parent":0,"menu_order":0,"comment_status":"closed","ping_status":"closed","template":"elementor_canvas","meta":{"footnotes":""},"class_list":["post-760","page","type-page","status-publish","hentry"],"yoast_head":"<!-- This site is optimized with the Yoast SEO plugin v27.5 - https:\/\/yoast.com\/product\/yoast-seo-wordpress\/ -->\n<title>Impressum - Hautklar by Sarah<\/title>\n<meta name=\"robots\" content=\"index, follow, max-snippet:-1, max-image-preview:large, max-video-preview:-1\" \/>\n<link rel=\"canonical\" href=\"https:\/\/hautklarbysarah.de\/?page_id=760\" \/>\n<meta property=\"og:locale\" content=\"de_DE\" \/>\n<meta property=\"og:type\" content=\"article\" \/>\n<meta property=\"og:title\" content=\"Impressum - Hautklar by Sarah\" \/>\n<meta property=\"og:description\" content=\"Impressum Angaben gem\u00e4\u00df \u00a7 5 TMG: Hautklar by SarahSarah ScholtyssekEisenbahnstra\u00dfe 12763303 Dreieich Umsatzsteuer-Identifikationsnummer gem\u00e4\u00df \u00a727 a UmsatzsteuergesetzDE 32 981 6952 Verantwortlich f\u00fcr den Inhalt nach \u00a7 55 Abs. 2 RStVSarah Scholtyssek Quellenangaben f\u00fcr die verwendeten Bilder und GrafikeniStock und Sarah Scholtyssek\u00a0\" \/>\n<meta property=\"og:url\" content=\"https:\/\/hautklarbysarah.de\/?page_id=760\" \/>\n<meta property=\"og:site_name\" content=\"Hautklar by Sarah\" \/>\n<meta property=\"article:modified_time\" content=\"2025-02-13T21:22:08+00:00\" \/>\n<meta name=\"twitter:card\" content=\"summary_large_image\" \/>\n<meta name=\"twitter:label1\" content=\"Gesch\u00e4tzte Lesezeit\" \/>\n\t<meta name=\"twitter:data1\" content=\"1\u00a0Minute\" \/>\n<script type=\"application\/ld+json\" class=\"yoast-schema-graph\">{\"@context\":\"https:\\\/\\\/schema.org\",\"@graph\":[{\"@type\":\"WebPage\",\"@id\":\"https:\\\/\\\/hautklarbysarah.de\\\/?page_id=760\",\"url\":\"https:\\\/\\\/hautklarbysarah.de\\\/?page_id=760\",\"name\":\"Impressum - Hautklar by Sarah\",\"isPartOf\":{\"@id\":\"https:\\\/\\\/hautklarbysarah.de\\\/#website\"},\"datePublished\":\"2022-12-07T16:54:29+00:00\",\"dateModified\":\"2025-02-13T21:22:08+00:00\",\"breadcrumb\":{\"@id\":\"https:\\\/\\\/hautklarbysarah.de\\\/?page_id=760#breadcrumb\"},\"inLanguage\":\"de\",\"potentialAction\":[{\"@type\":\"ReadAction\",\"target\":[\"https:\\\/\\\/hautklarbysarah.de\\\/?page_id=760\"]}]},{\"@type\":\"BreadcrumbList\",\"@id\":\"https:\\\/\\\/hautklarbysarah.de\\\/?page_id=760#breadcrumb\",\"itemListElement\":[{\"@type\":\"ListItem\",\"position\":1,\"name\":\"Startseite\",\"item\":\"https:\\\/\\\/hautklarbysarah.de\\\/\"},{\"@type\":\"ListItem\",\"position\":2,\"name\":\"Impressum\"}]},{\"@type\":\"WebSite\",\"@id\":\"https:\\\/\\\/hautklarbysarah.de\\\/#website\",\"url\":\"https:\\\/\\\/hautklarbysarah.de\\\/\",\"name\":\"Hautklar by Sarah\",\"description\":\"Kosmetik in Dreieich\",\"potentialAction\":[{\"@type\":\"SearchAction\",\"target\":{\"@type\":\"EntryPoint\",\"urlTemplate\":\"https:\\\/\\\/hautklarbysarah.de\\\/?s={search_term_string}\"},\"query-input\":{\"@type\":\"PropertyValueSpecification\",\"valueRequired\":true,\"valueName\":\"search_term_string\"}}],\"inLanguage\":\"de\"}]}<\/script>\n<!-- \/ Yoast SEO plugin. -->","yoast_head_json":{"title":"Impressum - Hautklar by Sarah","robots":{"index":"index","follow":"follow","max-snippet":"max-snippet:-1","max-image-preview":"max-image-preview:large","max-video-preview":"max-video-preview:-1"},"canonical":"https:\/\/hautklarbysarah.de\/?page_id=760","og_locale":"de_DE","og_type":"article","og_title":"Impressum - Hautklar by Sarah","og_description":"Impressum Angaben gem\u00e4\u00df \u00a7 5 TMG: Hautklar by SarahSarah ScholtyssekEisenbahnstra\u00dfe 12763303 Dreieich Umsatzsteuer-Identifikationsnummer gem\u00e4\u00df \u00a727 a UmsatzsteuergesetzDE 32 981 6952 Verantwortlich f\u00fcr den Inhalt nach \u00a7 55 Abs. 2 RStVSarah Scholtyssek Quellenangaben f\u00fcr die verwendeten Bilder und GrafikeniStock und Sarah Scholtyssek\u00a0","og_url":"https:\/\/hautklarbysarah.de\/?page_id=760","og_site_name":"Hautklar by Sarah","article_modified_time":"2025-02-13T21:22:08+00:00","twitter_card":"summary_large_image","twitter_misc":{"Gesch\u00e4tzte Lesezeit":"1\u00a0Minute"},"schema":{"@context":"https:\/\/schema.org","@graph":[{"@type":"WebPage","@id":"https:\/\/hautklarbysarah.de\/?page_id=760","url":"https:\/\/hautklarbysarah.de\/?page_id=760","name":"Impressum - Hautklar by Sarah","isPartOf":{"@id":"https:\/\/hautklarbysarah.de\/#website"},"datePublished":"2022-12-07T16:54:29+00:00","dateModified":"2025-02-13T21:22:08+00:00","breadcrumb":{"@id":"https:\/\/hautklarbysarah.de\/?page_id=760#breadcrumb"},"inLanguage":"de","potentialAction":[{"@type":"ReadAction","target":["https:\/\/hautklarbysarah.de\/?page_id=760"]}]},{"@type":"BreadcrumbList","@id":"https:\/\/hautklarbysarah.de\/?page_id=760#breadcrumb","itemListElement":[{"@type":"ListItem","position":1,"name":"Startseite","item":"https:\/\/hautklarbysarah.de\/"},{"@type":"ListItem","position":2,"name":"Impressum"}]},{"@type":"WebSite","@id":"https:\/\/hautklarbysarah.de\/#website","url":"https:\/\/hautklarbysarah.de\/","name":"Hautklar by Sarah","description":"Kosmetik in Dreieich","potentialAction":[{"@type":"SearchAction","target":{"@type":"EntryPoint","urlTemplate":"https:\/\/hautklarbysarah.de\/?s={search_term_string}"},"query-input":{"@type":"PropertyValueSpecification","valueRequired":true,"valueName":"search_term_string"}}],"inLanguage":"de"}]}},"_links":{"self":[{"href":"https:\/\/hautklarbysarah.de\/index.php?rest_route=\/wp\/v2\/pages\/760","targetHints":{"allow":["GET"]}}],"collection":[{"href":"https:\/\/hautklarbysarah.de\/index.php?rest_route=\/wp\/v2\/pages"}],"about":[{"href":"https:\/\/hautklarbysarah.de\/index.php?rest_route=\/wp\/v2\/types\/page"}],"author":[{"embeddable":true,"href":"https:\/\/hautklarbysarah.de\/index.php?rest_route=\/wp\/v2\/users\/1"}],"replies":[{"embeddable":true,"href":"https:\/\/hautklarbysarah.de\/index.php?rest_route=%2Fwp%2Fv2%2Fcomments&post=760"}],"version-history":[{"count":23,"href":"https:\/\/hautklarbysarah.de\/index.php?rest_route=\/wp\/v2\/pages\/760\/revisions"}],"predecessor-version":[{"id":1367,"href":"https:\/\/hautklarbysarah.de\/index.php?rest_route=\/wp\/v2\/pages\/760\/revisions\/1367"}],"wp:attachment":[{"href":"https:\/\/hautklarbysarah.de\/index.php?rest_route=%2Fwp%2Fv2%2Fmedia&parent=760"}],"curies":[{"name":"wp","href":"https:\/\/api.w.org\/{rel}","templated":true}]}}